{"id":957,"date":"2021-10-22T13:30:18","date_gmt":"2021-10-22T11:30:18","guid":{"rendered":"https:\/\/nachhaltig-wirtschaften-mitteldeutschland.de\/?post_type=tribe_events&#038;p=957"},"modified":"2022-02-09T12:37:46","modified_gmt":"2022-02-09T11:37:46","slug":"5-netzwerktreffen","status":"publish","type":"tribe_events","link":"https:\/\/nachhaltig-wirtschaften-mitteldeutschland.de\/startseite\/event\/5-netzwerktreffen\/","title":{"rendered":"5. Netzwerktreffen"},"content":{"rendered":"<p>Wir laden herzlich zum n\u00e4chsten Netzwerktreffen am 1. M\u00e4rz 14-16 Uhr per Zoom ein (bitte unter &#8222;Kontakt&#8220; anmelden). Dieses Mal wollen wir uns zum Thema Wasser austauschen: Verschmutzung, Fluten, Starkregen, D\u00fcrren mit vielf\u00e4ltigen Auswirkungen auf Lebensqualit\u00e4t und Wirtschaft \u2013 Was besch\u00e4ftigt euch, wer hat dazu interessante Projekte, Produkte, Plattformen u.\u00e4. oder m\u00f6chte so etwas starten? Wer hat\/kennt gute Beispiele?<\/p>\n<p>Bitte bringt Informationen\/Ideen\/W\u00fcnsche zum Netzwerktreffen mit. Bisher sind wieder zwei kurze Impulse geplant, die Wasser aus unterschiedlichen Blickpunkten beleuchten.<\/p>\n<p>Weiterhin wird es Zeit geben zum Kennenlernen und Austauschen. Wie gew\u00fcnscht, diesmal l\u00e4nger \u2013 denn oft kommen gute Ideen ungeplant beim Kaffeeplausch mit zuf\u00e4llig Anwesenden (diesmal in 3er Gruppen). F\u00fcr daraus entstehende Ideen wird es im Anschluss Zeit geben, das in kleineren Gruppen zu diskutieren.<\/p>\n<p>Wir freuen uns auf eure Teilnahme!<\/p>\n<p>Herzliche Gr\u00fc\u00dfe<\/p>\n<p>Euer Kernteam<\/p>\n","protected":false},"excerpt":{"rendered":"<p>Wir laden herzlich zum n\u00e4chsten Netzwerktreffen am 1. M\u00e4rz 14-16 Uhr per Zoom ein (bitte unter &#8222;Kontakt&#8220; anmelden). Dieses Mal wollen wir uns zum Thema Wasser austauschen: Verschmutzung, Fluten, Starkregen, [&hellip;]<\/p>\n","protected":false},"author":3,"featured_media":0,"comment_status":"closed","ping_status":"closed","template":"","meta":{"_tribe_events_status":"","_tribe_events_status_reason":"","footnotes":""},"tags":[],"tribe_events_cat":[],"_links":{"self":[{"href":"https:\/\/nachhaltig-wirtschaften-mitteldeutschland.de\/startseite\/wp-json\/wp\/v2\/tribe_events\/957"}],"collection":[{"href":"https:\/\/nachhaltig-wirtschaften-mitteldeutschland.de\/startseite\/wp-json\/wp\/v2\/tribe_events"}],"about":[{"href":"https:\/\/nachhaltig-wirtschaften-mitteldeutschland.de\/startseite\/wp-json\/wp\/v2\/types\/tribe_events"}],"author":[{"embeddable":true,"href":"https:\/\/nachhaltig-wirtschaften-mitteldeutschland.de\/startseite\/wp-json\/wp\/v2\/users\/3"}],"replies":[{"embeddable":true,"href":"https:\/\/nachhaltig-wirtschaften-mitteldeutschland.de\/startseite\/wp-json\/wp\/v2\/comments?post=957"}],"version-history":[{"count":3,"href":"https:\/\/nachhaltig-wirtschaften-mitteldeutschland.de\/startseite\/wp-json\/wp\/v2\/tribe_events\/957\/revisions"}],"predecessor-version":[{"id":984,"href":"https:\/\/nachhaltig-wirtschaften-mitteldeutschland.de\/startseite\/wp-json\/wp\/v2\/tribe_events\/957\/revisions\/984"}],"wp:attachment":[{"href":"https:\/\/nachhaltig-wirtschaften-mitteldeutschland.de\/startseite\/wp-json\/wp\/v2\/media?parent=957"}],"wp:term":[{"taxonomy":"post_tag","embeddable":true,"href":"https:\/\/nachhaltig-wirtschaften-mitteldeutschland.de\/startseite\/wp-json\/wp\/v2\/tags?post=957"},{"taxonomy":"tribe_events_cat","embeddable":true,"href":"https:\/\/nachhaltig-wirtschaften-mitteldeutschland.de\/startseite\/wp-json\/wp\/v2\/tribe_events_cat?post=957"}],"curies":[{"name":"wp","href":"https:\/\/api.w.org\/{rel}","templated":true}]}}

<p>Wir laden herzlich zum nächsten Netzwerktreffen am 1. März 14-16 Uhr per Zoom ein (bitte unter &#8222;Kontakt&#8220; anmelden). Dieses Mal wollen wir uns zum Thema Wasser austauschen: Verschmutzung, Fluten, Starkregen, Dürren mit vielfältigen Auswirkungen auf Lebensqualität und Wirtschaft – Was beschäftigt euch, wer hat dazu interessante Projekte, Produkte, Plattformen u.ä. oder möchte so etwas starten? Wer hat/kennt gute Beispiele?</p>
<p>Bitte bringt Informationen/Ideen/Wünsche zum Netzwerktreffen mit. Bisher sind wieder zwei kurze Impulse geplant, die Wasser aus unterschiedlichen Blickpunkten beleuchten.</p>
<p>Weiterhin wird es Zeit geben zum Kennenlernen und Austauschen. Wie gewünscht, diesmal länger – denn oft kommen gute Ideen ungeplant beim Kaffeeplausch mit zufällig Anwesenden (diesmal in 3er Gruppen). Für daraus entstehende Ideen wird es im Anschluss Zeit geben, das in kleineren Gruppen zu diskutieren.</p>
<p>Wir freuen uns auf eure Teilnahme!</p>
<p>Herzliche Grüße</p>
<p>Euer Kernteam</p>

<p>Wir laden herzlich zum nächsten Netzwerktreffen am 1. März 14-16 Uhr per Zoom ein (bitte unter &#8222;Kontakt&#8220; anmelden). Dieses Mal wollen wir uns zum Thema Wasser austauschen: Verschmutzung, Fluten, Starkregen, [&hellip;]</p>
