{"id":1350,"date":"2026-04-27T16:32:43","date_gmt":"2026-04-27T14:32:43","guid":{"rendered":"https:\/\/nachhaltig-wirtschaften-mitteldeutschland.de\/startseite\/?post_type=tribe_events&#038;p=1350"},"modified":"2026-04-27T16:32:43","modified_gmt":"2026-04-27T14:32:43","slug":"12-netzwerktreffen-gesundheit-fuer-alle","status":"publish","type":"tribe_events","link":"https:\/\/nachhaltig-wirtschaften-mitteldeutschland.de\/startseite\/event\/12-netzwerktreffen-gesundheit-fuer-alle\/","title":{"rendered":"12. Netzwerktreffen: Gesundheit f\u00fcr alle"},"content":{"rendered":"<p>Wir laden Sie herzlich zum <strong>12. Netzwerktreffen \u201eNachhaltigkeit in der Wirtschaft\u201c<\/strong> ins TPG Maker Lab in Merseburg ein. Von 14:00 bis 18:00 Uhr (Eintreffen ab 13:30 Uhr) widmen wir uns unter dem Leitmotiv \u201eGesundheit f\u00fcr alle\u201c der Frage, wie eine zukunftsf\u00e4hige Gesundheits-, Pflege-\u00a0 und Arbeitswelt gemeinsam gestaltet werden kann. Zielgruppe der Veranstaltung sind Unternehmen sowie Interessierte aus Wissenschaft, Zivilgesellschaft und Verwaltung.<\/p>\n<p>Die Veranstaltung bietet inspirierende Impulse aus Wissenschaft, Pflegepraxis, betrieblicher Gesundheitsf\u00f6rderung und Unternehmertum. Thematisiert werden unter anderem Innovationschancen im Gesundheits- und Pflegebereich, gesunderhaltende Organisation im Betrieb, Forschung zu Essverhalten und Psyche sowie individuelle Wege zu mehr Energie und Resilienz im Berufsalltag.<\/p>\n<p>Gesundheit ist nicht nur f\u00fcr jeden pers\u00f6nlich von h\u00f6chster Bedeutung, sondern auch ein zentraler Nachhaltigkeits- und Wettbewerbsfaktor. Wenn technologische, organisatorische und soziale Ans\u00e4tze zusammengef\u00fchrt werden, entstehen tragf\u00e4hige L\u00f6sungen f\u00fcr Wirtschaft und Gesellschaft. Ein besonderer Fokus liegt daher auf Austausch und Vernetzung \u00fcber Branchen und Institutionen hinweg.<\/p>\n<p>Bitte melden Sie sich bis zum 1. Juni 2026 <a href=\"https:\/\/veranstaltungen.halle.ihk.de\/b?p=nachhaltigkeit_der_wirtschaft_fokus_gesundheit_20260604\" target=\"_blank\" rel=\"noopener\"><strong>HIER<\/strong><\/a> an, das Programm finden Sie unten verlinkt.<\/p>\n<p>Wir freuen uns auf Ihre Teilnahme und einen anregenden gemeinsamen Dialog.<\/p>\n<p>&nbsp;<\/p>\n<p><a href=\"https:\/\/nachhaltig-wirtschaften-mitteldeutschland.de\/wp-content\/uploads\/2026\/04\/12.-Netzwerktreffen-Tagesordnung.pdf\">12. Netzwerktreffen Tagesordnung<\/a><\/p>\n","protected":false},"excerpt":{"rendered":"<p>Wir laden Sie herzlich zum 12. Netzwerktreffen \u201eNachhaltigkeit in der Wirtschaft\u201c ins TPG Maker Lab in Merseburg ein. Von 14:00 bis 18:00 Uhr (Eintreffen ab 13:30 Uhr) widmen wir uns [&hellip;]<\/p>\n","protected":false},"author":3,"featured_media":0,"comment_status":"closed","ping_status":"closed","template":"","meta":{"_tribe_events_status":"","_tribe_events_status_reason":"","footnotes":""},"tags":[],"tribe_events_cat":[],"_links":{"self":[{"href":"https:\/\/nachhaltig-wirtschaften-mitteldeutschland.de\/startseite\/wp-json\/wp\/v2\/tribe_events\/1350"}],"collection":[{"href":"https:\/\/nachhaltig-wirtschaften-mitteldeutschland.de\/startseite\/wp-json\/wp\/v2\/tribe_events"}],"about":[{"href":"https:\/\/nachhaltig-wirtschaften-mitteldeutschland.de\/startseite\/wp-json\/wp\/v2\/types\/tribe_events"}],"author":[{"embeddable":true,"href":"https:\/\/nachhaltig-wirtschaften-mitteldeutschland.de\/startseite\/wp-json\/wp\/v2\/users\/3"}],"replies":[{"embeddable":true,"href":"https:\/\/nachhaltig-wirtschaften-mitteldeutschland.de\/startseite\/wp-json\/wp\/v2\/comments?post=1350"}],"version-history":[{"count":1,"href":"https:\/\/nachhaltig-wirtschaften-mitteldeutschland.de\/startseite\/wp-json\/wp\/v2\/tribe_events\/1350\/revisions"}],"predecessor-version":[{"id":1352,"href":"https:\/\/nachhaltig-wirtschaften-mitteldeutschland.de\/startseite\/wp-json\/wp\/v2\/tribe_events\/1350\/revisions\/1352"}],"wp:attachment":[{"href":"https:\/\/nachhaltig-wirtschaften-mitteldeutschland.de\/startseite\/wp-json\/wp\/v2\/media?parent=1350"}],"wp:term":[{"taxonomy":"post_tag","embeddable":true,"href":"https:\/\/nachhaltig-wirtschaften-mitteldeutschland.de\/startseite\/wp-json\/wp\/v2\/tags?post=1350"},{"taxonomy":"tribe_events_cat","embeddable":true,"href":"https:\/\/nachhaltig-wirtschaften-mitteldeutschland.de\/startseite\/wp-json\/wp\/v2\/tribe_events_cat?post=1350"}],"curies":[{"name":"wp","href":"https:\/\/api.w.org\/{rel}","templated":true}]}}

12. Netzwerktreffen: Gesundheit für alle

<p>Wir laden Sie herzlich zum <strong>12. Netzwerktreffen „Nachhaltigkeit in der Wirtschaft“</strong> ins TPG Maker Lab in Merseburg ein. Von 14:00 bis 18:00 Uhr (Eintreffen ab 13:30 Uhr) widmen wir uns unter dem Leitmotiv „Gesundheit für alle“ der Frage, wie eine zukunftsfähige Gesundheits-, Pflege-  und Arbeitswelt gemeinsam gestaltet werden kann. Zielgruppe der Veranstaltung sind Unternehmen sowie Interessierte aus Wissenschaft, Zivilgesellschaft und Verwaltung.</p>
<p>Die Veranstaltung bietet inspirierende Impulse aus Wissenschaft, Pflegepraxis, betrieblicher Gesundheitsförderung und Unternehmertum. Thematisiert werden unter anderem Innovationschancen im Gesundheits- und Pflegebereich, gesunderhaltende Organisation im Betrieb, Forschung zu Essverhalten und Psyche sowie individuelle Wege zu mehr Energie und Resilienz im Berufsalltag.</p>
<p>Gesundheit ist nicht nur für jeden persönlich von höchster Bedeutung, sondern auch ein zentraler Nachhaltigkeits- und Wettbewerbsfaktor. Wenn technologische, organisatorische und soziale Ansätze zusammengeführt werden, entstehen tragfähige Lösungen für Wirtschaft und Gesellschaft. Ein besonderer Fokus liegt daher auf Austausch und Vernetzung über Branchen und Institutionen hinweg.</p>
<p>Bitte melden Sie sich bis zum 1. Juni 2026 <a href="https://veranstaltungen.halle.ihk.de/b?p=nachhaltigkeit_der_wirtschaft_fokus_gesundheit_20260604" target="_blank" rel="noopener"><strong>HIER</strong></a> an, das Programm finden Sie unten verlinkt.</p>
<p>Wir freuen uns auf Ihre Teilnahme und einen anregenden gemeinsamen Dialog.</p>
<p>&nbsp;</p>
<p><a href="https://nachhaltig-wirtschaften-mitteldeutschland.de/wp-content/uploads/2026/04/12.-Netzwerktreffen-Tagesordnung.pdf">12. Netzwerktreffen Tagesordnung</a></p>
