{"id":72,"date":"2020-09-25T09:56:51","date_gmt":"2020-09-25T07:56:51","guid":{"rendered":"https:\/\/teddy87.lima-city.de\/?page_id=72"},"modified":"2022-02-23T14:41:08","modified_gmt":"2022-02-23T13:41:08","slug":"projektuebersicht","status":"publish","type":"page","link":"https:\/\/nachhaltig-wirtschaften-mitteldeutschland.de\/startseite\/innovationsworkshop\/projektuebersicht\/","title":{"rendered":"Regionale Beispiele"},"content":{"rendered":"\r\n<div class=\"wp-block-spacer\" style=\"height: 50px;\" aria-hidden=\"true\">\u00a0<\/div>\r\n\r\n\r\n\r\n<h2 class=\"wp-block-heading\">Innovationsmotor Nachhaltigkeit &#8211; Beispiele aus der Region<\/h2>\r\n\r\n\r\n\r\n<p><strong>Unternehmerische Nachhaltigkeit \u2013 Wie wird das in unserer Region gelebt? Welche L\u00f6sungen f\u00fcr nachhaltigere Produkte, Prozesse und Gesch\u00e4ftsmodelle gibt es bei uns?<\/strong><\/p>\r\n\r\n\r\n\r\n<p>Unternehmen unterschiedlicher Gr\u00f6\u00dfen und Branchen aus Mitteldeutschland zeigen in f\u00fcnfmin\u00fctigen Interviews auf, wie sie dieses Thema angehen. Wichtig sind uns \u00fcbertragbare Anwendungsbeispiele, an deren wegweisenden Ideen sich andere orientieren k\u00f6nnen: Wie tr\u00e4gt nachhaltiges Wirtschaften zur Zukunftssicherung des eigenen Betriebs bei, wie kann die Wirkung auf das Gemeinwesen optimiert und zukunftsf\u00e4higer gestaltet werden? Hiermit sollen Synergien nutzbar gemacht, der Austausch gest\u00e4rkt und Beispiele f\u00fcr nachhaltigeres Wirtschaften gesammelt und verbreitet werden.<\/p>\r\n\r\n\r\n\r\n<p>Interviews:<\/p>\r\n<ul>\r\n<li>mit Dr. Filipe Manjolinho Costa, CRONIMET Envirotec GmbH<br \/>\u00dcber: Recycling von Metallpulvern aus Abfallschl\u00e4mmen und geschlossene Kreisl\u00e4ufe \u2013 Edelstahl als nachhaltiger Rohstoff \u2013 CO2-neutrales Unternehmen bis 2030<\/li>\r\n<\/ul>\r\n<p><a href=\"https:\/\/nachhaltig-wirtschaften-mitteldeutschland.de\/wp-content\/uploads\/2022\/02\/Interview-Cronimet-Envirotec-GmbH.pdf\">Interview &#8211; CRONIMET Envirotec GmbH<\/a><\/p>\r\n<ul>\r\n<li>mit Gerhild Fischer, Bio B\u00e4ckerei Fischer<br \/>\u00dcber: Gesundheit und alte Rezepte &#8211; Kreativit\u00e4t und nachhaltiger 3D-Druck \u2013 Plastikfolien, Kassenbons und Gewinnmaximierung im Handel<\/li>\r\n<\/ul>\r\n<p><a href=\"https:\/\/nachhaltig-wirtschaften-mitteldeutschland.de\/wp-content\/uploads\/2021\/11\/Innovationsmotor-Nachhaltigkeit-Interview-Biobaecker.pdf\">Interview Biob\u00e4ckerei<\/a><\/p>\r\n<ul>\r\n<li>mit Werner Ehrich, Perspektive \u2013 B\u00fcro f\u00fcr gesunde Architektur <br \/>\u00dcber: Nachhaltige Bebauungskonzeption und nachhaltige Baustoffe \u2013 Fl\u00e4chenbedarf und Altbausanierungen \u2013 fehlende gesetzliche Regelungen und Verantwortung<\/li>\r\n<\/ul>\r\n<p><a href=\"https:\/\/nachhaltig-wirtschaften-mitteldeutschland.de\/wp-content\/uploads\/2021\/06\/Interview-Hr.-Ehrich.pdf\" target=\"_blank\" rel=\"noopener\">Interview Perspektive \u2013 B\u00fcro f\u00fcr gesunde Architektur<\/a><\/p>\r\n\r\n\r\n\r\n<ul>\r\n<li>mit Maria Gottwalt, kunZstoffe \u2013 urbane Ideenwerkstatt e.V. <br \/>\u00dcber: das Potential in Menschen und Resten \u2013 Kreislauf von Kunst, Bildung und Reststoffen \u2013 Werte und handwerkliche Fertigkeiten<\/li>\r\n<\/ul>\r\n\r\n\r\n\r\n<div class=\"wp-block-file\"><a href=\"https:\/\/nachhaltig-wirtschaften-mitteldeutschland.de\/wp-content\/uploads\/2021\/02\/Interview-kunZstoffe.pdf\" target=\"_blank\" rel=\"noopener\">Interview kunZstoffe<\/a><\/div>\r\n\r\n\r\n\r\n<ul>\r\n<li>mit Dr. G\u00f6tz Meister, Mobility Center GmbH \u2013 teilAuto Sachsen-Anhalt<br \/>\u00dcber: Vom Verein zur GmbH oder von den Grundbed\u00fcrfnissen und Skalierungseffekten \u2013 Gemeinwohlbilanz f\u00fcr die Erweiterung der Sicht \u2013 Ber\u00fccksichtigung von \u00f6kologischen und sozialen Belangen ohne Gewinnmaximierungspflicht<\/li>\r\n<\/ul>\r\n\r\n\r\n\r\n<div class=\"wp-block-file\"><a href=\"https:\/\/nachhaltig-wirtschaften-mitteldeutschland.de\/wp-content\/uploads\/2021\/02\/Interview-Teilauto.pdf\" target=\"_blank\" rel=\"noopener\">Interview Teilauto<\/a><\/div>\r\n\r\n\r\n\r\n<ul>\r\n<li>mit S\u00f6ren Thiering, neXcube UG<br \/>\u00dcber: Kurze Entwicklungszeiten und schnell an den Markt \u2013 Papierloses Arbeiten mit repowerten Altger\u00e4ten \u2013 g\u00fcnstiges und anpassungsf\u00e4higes Labormanagement 4.0 mit 3D-Druck<\/li>\r\n<\/ul>\r\n\r\n\r\n\r\n<div class=\"wp-block-file\"><a href=\"https:\/\/nachhaltig-wirtschaften-mitteldeutschland.de\/wp-content\/uploads\/2021\/02\/Interview-neXcube.pdf\" target=\"_blank\" rel=\"noopener\">Interview neXcube<\/a><\/div>\r\n\r\n\r\n\r\n<ul>\r\n<li>mit Bernhard Schipper, Scobytec GmbH<br \/>\u00dcber: 97% weniger Wasser und alles ohne Abfall \u2013 neues Plattformmaterial regional hergestellt \u2013 Durchhalteverm\u00f6gen inklusive Familienfreundlichkeit und Gleichberechtigung<\/li>\r\n<\/ul>\r\n\r\n\r\n\r\n<div class=\"wp-block-file\"><a href=\"https:\/\/nachhaltig-wirtschaften-mitteldeutschland.de\/wp-content\/uploads\/2021\/02\/Interview-Scobytec-GmbH.pdf\" target=\"_blank\" rel=\"noopener\">Interview &#8211; Scobytec GmbH<\/a><\/div>\r\n\r\n\r\n\r\n<ul>\r\n<li>mit Prof. Eduard Siemens, SmartLighting UG<br \/>\u00dcber: Die neue Dunkelheit oder warum Licht nach Bedarf eigentlich selbstverst\u00e4ndlich ist \u2013 vom Umweltschutz und 97% Energieeinsparung \u2013 Intelligente Beleuchtung mit Objekterkennung<\/li>\r\n<\/ul>\r\n\r\n\r\n\r\n<div class=\"wp-block-file\"><a href=\"https:\/\/nachhaltig-wirtschaften-mitteldeutschland.de\/wp-content\/uploads\/2021\/02\/Interview-SmartLighting-UG.pdf\" target=\"_blank\" rel=\"noopener\">Interview-SmartLighting UG<\/a><\/div>\r\n\r\n\r\n\r\n<p>&nbsp;<\/p>\r\n\r\n\r\n\r\n<p>&nbsp;<\/p>\r\n\r\n\r\n<div id=\"wpgmza_map\" class=\"wpgmza_map\" data-settings='{\"id\":\"1\",\"map_title\":\"Projektkarte\",\"map_width\":\"100\",\"map_height\":\"400\",\"map_start_lat\":\"51.478316\",\"map_start_lng\":\"11.979625\",\"map_start_location\":\"51.478315899999984,11.9796252\",\"map_start_zoom\":\"12\",\"default_marker\":\"0\",\"type\":\"1\",\"alignment\":\"2\",\"directions_enabled\":\"1\",\"styling_enabled\":\"0\",\"styling_json\":\"\",\"active\":\"0\",\"kml\":\"\",\"bicycle\":\"0\",\"traffic\":\"0\",\"dbox\":\"1\",\"dbox_width\":\"100\",\"listmarkers\":\"0\",\"listmarkers_advanced\":\"0\",\"filterbycat\":\"0\",\"ugm_enabled\":\"0\",\"ugm_category_enabled\":\"0\",\"fusion\":\"\",\"map_width_type\":\"\\\\%\",\"map_height_type\":\"px\",\"mass_marker_support\":\"1\",\"ugm_access\":\"0\",\"order_markers_by\":\"1\",\"order_markers_choice\":\"2\",\"show_user_location\":\"0\",\"default_to\":\"\",\"other_settings\":{\"store_locator_enabled\":2,\"store_locator_distance\":2,\"store_locator_default_radius\":10,\"store_locator_not_found_message\":\"No results found in this location. Please try again.\",\"store_locator_bounce\":1,\"store_locator_query_string\":\"ZIP \\\/ Address:\",\"store_locator_default_address\":\"\",\"wpgmza_store_locator_restrict\":\"\",\"wpgmza_store_locator_radius_style\":\"modern\",\"map_max_zoom\":\"1\",\"transport_layer\":0,\"wpgmza_show_points_of_interest\":0,\"wpgmza_auto_night\":0}}' data-map-id='1' Data-maps-engine='open-layers' data-shortcode-attributes='{\"id\":\"1\"}' style=\"display:block; overflow:auto; width:100%; height:400px; float:left;\"><\/div>\n\r\n\r\n\r\n<p>&nbsp;<\/p>\r\n","protected":false},"excerpt":{"rendered":"<p>Innovationsmotor Nachhaltigkeit &#8211; Beispiele aus der Region Unternehmerische Nachhaltigkeit \u2013 Wie wird das in unserer Region gelebt? Welche L\u00f6sungen f\u00fcr nachhaltigere Produkte, Prozesse und Gesch\u00e4ftsmodelle gibt es bei uns? Unternehmen [&hellip;]<\/p>\n","protected":false},"author":1,"featured_media":0,"parent":31,"menu_order":0,"comment_status":"closed","ping_status":"closed","template":"","meta":{"footnotes":""},"_links":{"self":[{"href":"https:\/\/nachhaltig-wirtschaften-mitteldeutschland.de\/startseite\/wp-json\/wp\/v2\/pages\/72"}],"collection":[{"href":"https:\/\/nachhaltig-wirtschaften-mitteldeutschland.de\/startseite\/wp-json\/wp\/v2\/pages"}],"about":[{"href":"https:\/\/nachhaltig-wirtschaften-mitteldeutschland.de\/startseite\/wp-json\/wp\/v2\/types\/page"}],"author":[{"embeddable":true,"href":"https:\/\/nachhaltig-wirtschaften-mitteldeutschland.de\/startseite\/wp-json\/wp\/v2\/users\/1"}],"replies":[{"embeddable":true,"href":"https:\/\/nachhaltig-wirtschaften-mitteldeutschland.de\/startseite\/wp-json\/wp\/v2\/comments?post=72"}],"version-history":[{"count":26,"href":"https:\/\/nachhaltig-wirtschaften-mitteldeutschland.de\/startseite\/wp-json\/wp\/v2\/pages\/72\/revisions"}],"predecessor-version":[{"id":998,"href":"https:\/\/nachhaltig-wirtschaften-mitteldeutschland.de\/startseite\/wp-json\/wp\/v2\/pages\/72\/revisions\/998"}],"up":[{"embeddable":true,"href":"https:\/\/nachhaltig-wirtschaften-mitteldeutschland.de\/startseite\/wp-json\/wp\/v2\/pages\/31"}],"wp:attachment":[{"href":"https:\/\/nachhaltig-wirtschaften-mitteldeutschland.de\/startseite\/wp-json\/wp\/v2\/media?parent=72"}],"curies":[{"name":"wp","href":"https:\/\/api.w.org\/{rel}","templated":true}]}}